d derivative of 7*v**4/12 - 2*v**3/3 - v**2 + 259*v. What is the tens digit of h(x)?
5
Let k be ((-8)/(-56) - 68/(-14)) + -2. Suppose k*l - 751 = 698. What is the units digit of l?
3
Suppose 6*f - 1087 = -3265. Let p = f - -520. What is the units digit of p?
7
Let o(r) = -6 + 3*r**2 + 9*r - 13*r + 0 - 14. What is the hundreds digit of o(-10)?
3
Let w(r) = -25*r + 77. Let p be w(2). Suppose 7*c + 26440 = p*c. What is the thousands digit of c?
1
Let y = 18141 + -11803. What is the thousands digit of y?
6
Let y be (-186)/12 + 2/((-16)/(-12)). Let t(i) = -71*i + 183. What is the units digit of t(y)?
7
Let p(i) = 80*i**3 + i**2 - 2*i + 1. Let k be p(1). Let y = k - 86. What is the tens digit of (304/y)/((-6)/9)?
7
Suppose 2*l - 5*o = 68, -17*o + 107 = 3*l - 22*o. What is the hundreds digit of (l/78)/(2/(-4)) + 163?
1
Suppose 0 = k - 5*l - 6530, 3*k + 3*l - 15288 = 4320. What is the units digit of k?
5
Let g be 4905/5*(-2)/(-3). Suppose a + 2*z = g + 1207, z = 2*a - 3722. What is the tens digit of a?
6
Let b(c) = -c**3 + c**2 - 2. Let h(p) = -p**2 + 8*p - 9. Let u be h(5). Let d be 6*(1 - 8/u). What is the tens digit of b(d)?
1
Suppose -4*z - 10*z - 5471 = -35683. What is the hundreds digit of z?
1
Let i = 120 + -41. Let w = 84 - i. Suppose 260 = 5*t - w*a, -6*a + 2*a + 156 = 3*t. What is the tens digit of t?
5
What is the hundreds digit of ((-27)/(-9))/((-39)/(-14144))?
0
Suppose 10*u = 166 - 26. Suppose u - 139 = -d. What is the tens digit of d?
2
Suppose -3*s - 14 = -2*s - 3*m, s = -2*m + 11. What is the tens digit of 1/s*(-8416)/(-16)?
2
Let u(d) = 73*d**2 + 4*d - 4. Let p = -305 + 303. What is the hundreds digit of u(p)?
2
Let y(r) = r**2 + 15*r + 54. Let v be y(-17). Let c = 92 - v. Suppose -5*b + 4*n - n = -901, 4*b - c*n = 724. What is the units digit of b?
9
Let m(t) = -t**2 - 10*t - 21. Let z be m(-12). Let k = z + 49. Let j = 28 + k. What is the tens digit of j?
3
Let w(n) = -2*n**2 - n - 3. Let v be w(-2). Let o(g) = -g**2 + g - 5. Let y be o(5). Let b = v - y. What is the tens digit of b?
1
Let i be (3 - 7)*-1 - -12. Let w = i - 3. Suppose o + w = 33. What is the tens digit of o?
2
Let t = -902 - -902. Suppose 7*n - 3*n + 1360 = 4*l, t = -l - n + 336. What is the hundreds digit of l?
3
Suppose 0 = 32*i - 35156 - 58380. What is the tens digit of i?
2
Suppose -5*t + a = -188175, 0 = -94*t + 81*t + 4*a + 489262. What is the units digit of t?
4
What is the thousands digit of (652 + -3)*2*2?
2
Let j(x) = 275*x**2 + 69*x - 106. What is the hundreds digit of j(-10)?
7
Suppose -3667 = -5*l + 583. Suppose 2*y = -3*y - l. Let r = y + 242. What is the units digit of r?
2
Suppose -3*w + 7 = 2*o - 4*w, -o + 2 = -w. Suppose -4*v = -o*v + 53. Suppose -3*p - 67 = -2*l, 3*l - 56 = -4*p + v. What is the tens digit of l?
3
Suppose 280*p - 150882 = 3035286 + 2168552. What is the ten thousands digit of p?
1
Let u be (12/(-20))/3 - (-31584)/20. Let l = u - 779. What is the hundreds digit of l?
8
Suppose 10*b + 2965 + 8375 = 0. Let u = b + 1854. What is the units digit of u?
0
Suppose 2*v = 17*q - 12*q + 26, 2 = -q. Suppose v*f - 2342 = 5650. What is the hundreds digit of f?
9
Let s(w) = 6*w**2 + 3*w**2 - 45*w**3 - 9*w**2. Let y = -3 + 2. What is the units digit of s(y)?
5
Suppose -m = -4*y + 20, -3*y - y - 2*m + 20 = 0. Suppose 1266 = h + h + w, 3*w + 3165 = y*h. What is the units digit of h?
3
Let y = 19362 + -9916. What is the units digit of y?
6
Let q(s) = -1033*s + 752. What is the hundreds digit of q(-10)?
0
Let z(d) be the second derivative of 7*d**3/6 + 28*d**2 + 11*d. Suppose y = 5*y - 4*r - 60, -4*y + 2*r = -70. What is the hundreds digit of z(y)?
1
Suppose -2*c = -2, -4*r - 454 = -4*c + 674. Let v = r - -500. What is the units digit of v?
9
Let y(u) = 9062*u**2 + 162*u - 429. What is the units digit of y(3)?
5
Let o be (1/5 + -1)*(-20)/8. Let b be ((-9)/27)/(o/30). What is the units digit of 2/1 - (-3 - (-175)/b)?
0
Let u = -21157 - -35850. What is the tens digit of u?
9
Let l = 91 - -3307. What is the hundreds digit of l?
3
Let j(k) = -16*k**3 - k**2 - 29*k - 203. What is the hundreds digit of j(-7)?
4
Let z = 550 - 766. What is the tens digit of z/(-972) - (-24314)/18?
5
Let v(q) = 3028*q**2 + 11*q + 15. What is the tens digit of v(-5)?
6
Let m = 4250 + -2954. Suppose -4*c + m = 2*h, -2*h - 642 = -3*h - 4*c. What is the hundreds digit of h?
6
Let f = 387 - 442. What is the units digit of ((-264)/f)/((-6)/(-525)) - 3?
7
Suppose -2363 = -32*v + 23141. What is the units digit of v?
7
Suppose -5*h + 40 = 5*h. Let z(t) = 10*t**2 - 9*t + 10. What is the units digit of z(h)?
4
Suppose 0 = -7*s + 2*s + 75. Suppose 6*m - s*m = -12456. What is the units digit of m?
4
Suppose 0 = 2*u - 5*n - 4886, 0 = -n - 71 + 73. What is the thousands digit of u?
2
Let l = 197 - 169. What is the tens digit of (389 - -1)/(((-147)/l)/(-7))?
2
Let c(m) = m**3. Let i(t) = -t**3 + 9*t**2 - 14*t + 1. Let n(d) = 2*c(d) + i(d). Let z = 34 + -44. What is the units digit of n(z)?
1
Suppose 7*f - 4*o = 9*f - 7624, 9*f - o - 34346 = 0. What is the units digit of f?
6
Suppose -389150 = 242*j - 285*j. What is the thousands digit of j?
9
Suppose 3*p = -2*y - 154, -4*p - 6*y = -y + 203. Let w = 262 + p. What is the hundreds digit of w?
2
Let v(h) = h**2 + 18 - h + 14 - 36. Let p be v(3). What is the units digit of (191 - (p + -5))/2?
7
Let l = 46 - 45. What is the tens digit of (-59374)/(-70) - (8/(-10))/l?
4
Let c(q) = -7*q + 217. Let o be c(23). Suppose 2*w - o = 5*s, 124 - 32 = 4*w - 5*s. What is the tens digit of w?
1
Let y = -18 - -22. Suppose -205 - 287 = -y*h. Let r = -25 + h. What is the tens digit of r?
9
Let a(t) = 5654*t - 10630. What is the units digit of a(5)?
0
Suppose 4*s + 2*r = -4, -49*r - 14 = -5*s - 42*r. Suppose -72 = -l - y, 0 = -3*l - l + 3*y + 267. What is the tens digit of (s + -22)/(-3*2/l)?
5
Let m = -68 + 71. Suppose 0*h + 4*w - 208 = -2*h, 3*h - 300 = -m*w. Let q = h + -33. What is the tens digit of q?
6
Suppose -4*n - 94 = 2*j, -4*n = -3*j - 0*n - 101. Let q = -15 - j. Suppose -u = 11 - q. What is the units digit of u?
3
Let l = 41358 - 23119. What is the tens digit of l?
3
Let h = -21 - -21. Suppose 0 = -h*m + 5*m - 10. Suppose 3*t - 520 = -m*t. What is the tens digit of t?
0
Suppose 161*s - 63*s + 59*s = 3785741. What is the thousands digit of s?
4
What is the units digit of (-2*(-24)/(-12))/(4/(-6822))?
2
Let j(i) = -i**3 - 6*i**2 + 4. Let o be j(-6). Let p(q) = 4 + 20*q + q**2 + 5 - 24*q. What is the units digit of p(o)?
9
Let f(s) = -3*s**3 - 3*s**2 - 54*s - 544. What is the units digit of f(-17)?
6
Let r(u) = 14*u**2 - 75*u + 105. What is the thousands digit of r(-20)?
7
Let h(c) = 125*c + 4. Let u be h(2). Suppose 4*t = 358 + u. Let o = 219 - t. What is the units digit of o?
6
Let x be (-2)/1*(-51)/(-3). Let m = 473 + x. What is the tens digit of m?
3
Let b = -230 + 330. Suppose 7*t - 9 = -b. What is the tens digit of (1 - 2637/t) + (-34)/(-221)?
0
Let d(s) = -2*s**2 + 13*s + 3. Let k be d(7). Let r be k + -6*(-3 + 2). Suppose -46 = -r*j + 22. What is the units digit of j?
4
Suppose -6*b = -3*b - 9*b + 37008. What is the thousands digit of b?
6
Suppose -19 = 3*f - 2*i, 5*f + 3*i - 8*i = -40. Let k(g) = -g + 1. Let b(n) = 53*n - 17. Let o(m) = -b(m) - 2*k(m). What is the tens digit of o(f)?
6
Suppose 4*w = -11 + 27. Suppose 2*c - r = -8 + 30, 0 = -c - w*r - 7. Suppose -8*h + c = -5*h, -b = 4*h - 94. What is the units digit of b?
2
Suppose -3*h - 1697 = 5*t + 702, 4*h - 8 = 0. Let o = -302 - t. What is the hundreds digit of o?
1
Let o(n) = -83*n - 303. Let k be o(-21). Let l = 2565 - k. What is the tens digit of l?
2
Let q(x) = -48*x + 16. Let w(j) = j**3 + 15*j**2 + 16*j + 22. Let g be w(-14). What is the units digit of q(g)?
4
Suppose -16 = -2*z + y - 5, 4*y = -20. Suppose 0 = -z*l + 415 + 494. What is the tens digit of l?
0
Let v(n) be the second derivative of 11*n**4/3 + 3*n**2 - 72*n. What is the hundreds digit of v(2)?
1
Suppose -6464 = -2*p - 36*w + 34*w, -5*p - 3*w + 16170 = 0. What is the units digit of p?
7
What is the units digit of (1 - 71411/(-12)) + 9/108?
2
Let v = -46 - -49. Suppose 0 = -q + 6*k - 5*k + 20, 4*q + v*k - 59 = 0. Let a = 36 + q. What is the units digit of a?
3
Suppose 120 = -59*w + 55*w. Let l = -56 - w. Let z = 78 + l.